r when 15279 is divided by 53.
15
What is the remainder when 4842 is divided by 17?
14
What is the remainder when 195449 is divided by 10?
9
What is the remainder when 20135 is divided by 118?
75
What is the remainder when 26997 is divided by 6745?
17
What is the remainder when 83329 is divided by 51?
46
What is the remainder when 20844 is divided by 5109?
408
Calculate the remainder when 834542 is divided by 9818.
12
What is the remainder when 10565 is divided by 23?
8
What is the remainder when 4888 is divided by 781?
202
Calculate the remainder when 68320 is divided by 705.
640
Calculate the remainder when 70496 is divided by 41.
17
What is the remainder when 5783 is divided by 213?
32
Calculate the remainder when 3076762 is divided by 19.
16
What is the remainder when 4951 is divided by 21?
16
What is the remainder when 11490 is divided by 3793?
111
What is the remainder when 9867 is divided by 1021?
678
Calculate the remainder when 203259 is divided by 163.
161
Calculate the remainder when 68713 is divided by 218.
43
Calculate the remainder when 435784 is divided by 31.
17
Calculate the remainder when 736000 is divided by 241.
227
Calculate the remainder when 211130 is divided by 8797.
2
Calculate the remainder when 2130 is divided by 2062.
68
What is the remainder when 9873 is divided by 309?
294
Calculate the remainder when 21413 is divided by 129.
128
Calculate the remainder when 1535 is divided by 37.
18
Calculate the remainder when 3960 is divided by 131.
30
What is the remainder when 136368 is divided by 65?
63
Calculate the remainder when 6109 is divided by 100.
9
Calculate the remainder when 62187 is divided by 46.
41
What is the remainder when 6313 is divided by 84?
13
What is the remainder when 4241 is divided by 3694?
547
Calculate the remainder when 4085 is divided by 1014.
29
What is the remainder when 272713 is divided by 136332?
49
Calculate the remainder when 206023 is divided by 201.
199
Calculate the remainder when 54044 is divided by 24.
20
What is the remainder when 30441 is divided by 659?
127
Calculate the remainder when 872589 is divided by 147.
144
What is the remainder when 5763 is divided by 878?
495
Calculate the remainder when 1377 is divided by 46.
43
Calculate the remainder when 302981 is divided by 646.
7
What is the remainder when 15420 is divided by 211?
17
What is the remainder when 313147 is divided by 20?
7
What is the remainder when 60356 is divided by 483?
464
Calculate the remainder when 75678 is divided by 9.
6
What is the remainder when 80933 is divided by 14?
13
Calculate the remainder when 39529 is divided by 9879.
13
What is the remainder when 1679715 is divided by 40?
35
What is the remainder when 137734 is divided by 845?
844
What is the remainder when 28074 is divided by 7017?
6
Calculate the remainder when 33961 is divided by 8490.
1
What is the remainder when 17641 is divided by 2923?
103
Calculate the remainder when 11216 is divided by 11025.
191
What is the remainder when 943064 is divided by 1526?
1522
What is the remainder when 22393 is divided by 972?
37
What is the remainder when 43211 is divided by 645?
641
Calculate the remainder when 318514 is divided by 209.
207
What is the remainder when 584 is divided by 396?
188
Calculate the remainder when 37646 is divided by 26.
24
What is the remainder when 14004 is divided by 104?
68
What is the remainder when 189967 is divided by 78?
37
What is the remainder when 16999 is divided by 140?
59
Calculate the remainder when 176953 is divided by 13608.
49
What is the remainder when 301947 is divided by 549?
546
Calculate the remainder when 4266 is divided by 184.
34
Calculate the remainder when 695 is divided by 669.
26
What is the remainder when 160884 is divided by 4233?
30
What is the remainder when 137615 is divided by 78?
23
What is the remainder when 230569 is divided by 118?
115
What is the remainder when 21000 is divided by 6979?
63
What is the remainder when 2323 is divided by 740?
103
Calculate the remainder when 2342 is divided by 29.
22
Calculate the remainder when 6597003 is divided by 39.
36
What is the remainder when 55579 is divided by 6175?
4
What is the remainder when 120245 is divided by 130?
125
Calculate the remainder when 720503 is divided by 36.
35
What is the remainder when 25984 is divided by 2163?
28
What is the remainder when 1175303 is divided by 39?
38
What is the remainder when 5968 is divided by 370?
48
Calculate the remainder when 62058 is divided by 58.
56
What is the remainder when 41926 is divided by 254?
16
What is the remainder when 488394 is divided by 30?
24
Calculate the remainder when 326195 is divided by 221.
220
Calculate the remainder when 851996 is divided by 160.
156
What is the remainder when 8427 is divided by 116?
75
Calculate the remainder when 384 is divided by 91.
20
Calculate the remainder when 1366 is divided by 112.
22
What is the remainder when 94803 is divided by 73?
49
Calculate the remainder when 69324 is divided by 23104.
12
What is the remainder when 3088673 is divided by 21?
14
What is the remainder when 174905 is divided by 6996?
5
Calculate the remainder when 12831 is divided by 2534.
161
What is the remainder when 19597 is divided by 18?
13
What is the remainder when 49704 is divided by 753?
6
Calculate the remainder when 59685 is divided by 64.
37
What is the remainder when 6076 is divided by 217?
0
Calculate the remainder when 96159 is divided by 17.
7
Calculate the remainder when 143905 is divided by 41.
36
What is the remainder when 17824 is divided by 27?
4
Calculate the remainder when 58133 is divided by 19375.
8
Calculate the remainder when 675 is divided by 126.
45
Calculate the remainder when 713 is divided by 106.
77
What is the remainder when 10943 is divided by 1467?
674
What is the remainder when 10977 is divided by 10439?
538
What is the remainder when 3381 is divided by 484?
477
What is the remainder when 2808474 is divided by 638?
636
Calculate the remainder when 318 is divided by 292.
26
What is the remainder when 6789 is divided by 57?
6
Calculate the remainder when 579 is divided by 115.
4
What is the remainder when 9481 is divided by 3072?
265
Calculate the remainder when 1814 is divided by 1562.
252
What is the remainder when 33279 is divided by 28?
15
Calculate the remainder when 2905 is divided by 242.
1
Calculate the remainder when 23438 is divided by 3345.
23
What is the remainder when 33148 is divided by 36?
28
Calculate the remainder when 4906 is divided by 661.
279
What is the remainder when 138032 is divided by 21?
20
What is the remainder when 52282 is divided by 3?
1
What is the remainder when 48632 is divided by 16210?
2
What is the remainder when 21267 is divided by 240?
147
What is the remainder when 2098 is divided by 1041?
16
Calculate the remainder when 242221 is divided by 263.
261
Calculate the remainder when 34451 is divided by 1017.
890
Calculate the remainder when 15506 is divided by 25.
6
Calculate the remainder when 6756 is divided by 6708.
48
What is the remainder when 639640 is divided by 19?
5
Calculate the remainder when 142076 is divided by 137.
7
What is the remainder when 695356 is divided by 35?
11
Calculate the remainder when 13838 is divided by 301.
293
Calculate the remainder when 9320 is divided by 823.
267
Calculate the remainder when 21309 is divided by 4253.
44
What is the remainder when 19696 is divided by 1360?
656
Calculate the remainder when 117891 is divided by 7.
4
Calculate the remainder when 22304 is divided by 10888.
528
Calculate the remainder when 3350 is divided by 87.
44
Calculate the remainder when 320264 is divided by 165.
164
Calculate the remainder when 43507 is divided by 680.
667
Calculate the remainder when 877694 is divided by 2239.
6
Calculate the remainder when 565 is divided by 79.
12
What is the remainder when 6508 is divided by 34?
14
What is the remainder when 11601 is divided by 11591?
10
Calculate the remainder when 3117 is divided by 261.
246
Calculate the remainder when 26786 is divided by 127.
116
Calculate the remainder when 6062 is divided by 4.
2
Calculate the remainder when 14965 is divided by 111.
91
Calculate the remainder when 15390 is divided by 7660.
70
Calculate the remainder w